s the thousands digit of 10651?
0
What is the thousands digit of 5276?
5
What is the thousands digit of 8876?
8
What is the hundreds digit of 830?
8
What is the ten thousands digit of 11751?
1
What is the units digit of 1058?
8
What is the tens digit of 33809?
0
What is the tens digit of 227?
2
What is the units digit of 344?
4
What is the thousands digit of 51493?
1
What is the units digit of 31965?
5
What is the hundreds digit of 8290?
2
What is the tens digit of 353?
5
What is the units digit of 6715?
5
What is the units digit of 1830?
0
What is the hundreds digit of 25871?
8
What is the tens digit of 1550?
5
What is the ten thousands digit of 65670?
6
What is the hundreds digit of 58306?
3
What is the tens digit of 519?
1
What is the tens digit of 90884?
8
What is the thousands digit of 1065?
1
What is the tens digit of 30292?
9
What is the units digit of 51925?
5
What is the units digit of 142168?
8
What is the tens digit of 1784?
8
What is the hundreds digit of 1442?
4
What is the hundreds digit of 3378?
3
What is the units digit of 407?
7
What is the units digit of 7246?
6
What is the tens digit of 654?
5
What is the tens digit of 55904?
0
What is the hundreds digit of 1134?
1
What is the units digit of 567?
7
What is the tens digit of 401?
0
What is the thousands digit of 8110?
8
What is the hundreds digit of 11355?
3
What is the tens digit of 1461?
6
What is the units digit of 330?
0
What is the ten thousands digit of 17048?
1
What is the tens digit of 1042?
4
What is the tens digit of 2805?
0
What is the tens digit of 1449?
4
What is the units digit of 633?
3
What is the tens digit of 3869?
6
What is the hundreds digit of 1452?
4
What is the hundreds digit of 391?
3
What is the units digit of 6722?
2
What is the tens digit of 3802?
0
What is the hundreds digit of 39010?
0
What is the thousands digit of 61442?
1
What is the hundreds digit of 110?
1
What is the thousands digit of 2670?
2
What is the units digit of 2194?
4
What is the tens digit of 95?
9
What is the ten thousands digit of 59179?
5
What is the hundreds digit of 1610?
6
What is the units digit of 4604?
4
What is the units digit of 746?
6
What is the tens digit of 1440?
4
What is the units digit of 310?
0
What is the thousands digit of 13720?
3
What is the units digit of 959?
9
What is the thousands digit of 7331?
7
What is the tens digit of 1015?
1
What is the tens digit of 1510?
1
What is the tens digit of 387?
8
What is the units digit of 108025?
5
What is the thousands digit of 17800?
7
What is the hundreds digit of 68040?
0
What is the thousands digit of 1263?
1
What is the units digit of 1099?
9
What is the units digit of 2885?
5
What is the units digit of 25013?
3
What is the hundreds digit of 12625?
6
What is the hundreds digit of 997?
9
What is the units digit of 15192?
2
What is the tens digit of 1452?
5
What is the ten thousands digit of 25977?
2
What is the hundreds digit of 5039?
0
What is the units digit of 42441?
1
What is the units digit of 3595?
5
What is the tens digit of 2995?
9
What is the units digit of 239?
9
What is the tens digit of 37411?
1
What is the thousands digit of 3890?
3
What is the tens digit of 12396?
9
What is the tens digit of 2009?
0
What is the thousands digit of 37420?
7
What is the ten thousands digit of 72858?
7
What is the thousands digit of 2335?
2
What is the thousands digit of 6551?
6
What is the units digit of 8291?
1
What is the hundreds digit of 33437?
4
What is the hundreds digit of 1401?
4
What is the units digit of 10496?
6
What is the hundreds digit of 35345?
3
What is the tens digit of 32790?
9
What is the units digit of 20840?
0
What is the units digit of 1059?
9
What is the thousands digit of 3699?
3
What is the units digit of 2181?
1
What is the units digit of 112587?
7
What is the ten thousands digit of 18801?
1
What is the tens digit of 6221?
2
What is the hundreds digit of 4353?
3
What is the tens digit of 768?
6
What is the tens digit of 43858?
5
What is the hundreds digit of 10260?
2
What is the thousands digit of 20903?
0
What is the units digit of 24618?
8
What is the tens digit of 2333?
3
What is the tens digit of 608?
0
What is the units digit of 15463?
3
What is the tens digit of 1466?
6
What is the tens digit of 1720?
2
What is the tens digit of 1431?
3
What is the hundreds digit of 53518?
5
What is the units digit of 17684?
4
What is the thousands digit of 2011?
2
What is the tens digit of 378?
7
What is the tens digit of 4120?
2
What is the units digit of 742?
2
What is the hundreds digit of 67725?
7
What is the units digit of 800?
0
What is the tens digit of 865?
6
What is the tens digit of 349?
4
What is the thousands digit of 1740?
1
What is the units digit of 6528?
8
What is the units digit of 28716?
6
What is the hundreds digit of 5711?
7
What is the tens digit of 3936?
3
What is the tens digit of 1690?
9
What is the hundreds digit of 5766?
7
What is the hundreds digit of 3043?
0
What is the thousands digit of 23718?
3
What is the units digit of 347?
7
What is the units digit of 134?
4
What is the tens digit of 3577?
7
What is the hundreds digit of 1270?
2
What is the units digit of 526?
6
What is the tens digit of 9043?
4
What is the hundreds digit of 496?
4
What is the hundreds digit of 699?
6
What is the thousands digit of 3326?
3
What is the ten thousands digit of 13478?
1
What is the tens digit of 1973?
7
What is the ten thousands digit of 80569?
8
What is the units digit of 92374?
4
What is the units digit of 24608?
8
What is the hundreds digit of 35917?
9
What is the units digit of 2367?
7
What is the tens digit of 1004?
0
What is the hundreds digit of 3346?
3
What is the thousands digit of 186063?
6
What is the tens digit of 32328?
2
What is the tens digit of 1112?
1
What is the thousands digit of 42551?
2
What is the units digit of 9?
9
What is the tens digit of 55736?
3
What is the thousands digit of 1246?
1
What is the tens digit of 22?
2
What is the tens digit of 870?
7
What is the thousands digit of 80798?
0
What is the thousands digit of 20970?
0
What is the ten thousands digit of 29790?
2
What is the units digit of 371?
1
What is the ten thousands digit of 11736?
1
What is the hundreds digit of 80774?
7
What is the tens digit of 131217?
1
What is the tens digit of 26221?
2
What is the ten thousands digit of 10466?
1
What is the units digit of 26443?
3
What is the units digit of 232?
2
What is the units digit of 13079?
9
What is the units digit of 19356?
6
What is the hundreds digit of 1515?
5
What is the units digit of 32855?
5
What is the tens digit of 2610?
1
What is the hundreds digit of 127?
1
What is the tens digit of 917?
1
What is the units digit of 785?
5
What is the hundreds digit of 1050?
0
What is the hundreds digit of 2005?
0
What is the tens digit of 318?
1
What is the thousands digit of 28248?
8
What is the ten thousands digit of 15071?
1
What is the hundreds digit of 5693?
6
What is the units digit of 18276?
6
What is the ten thousands digit of 170115?
7
What is the hundreds digit of 63955?
9
What is the units digit of 6178?
8
What is the thousands digit of 147191?
7
What is the tens digit of 1872?
7
What is the hundreds digit of 1803?
8
What is the tens digit of 50768?
6
What is the tens digit of 8747?
4
What is the hundreds digit of 2354?
3
What is the units digit of 9853?
3
What is the thousands digit of 4105?
4
What is the units digit of 45750?
0
What is the tens digit of 56752?
5
What is the thousands digit of 1339?
1
What is the units digit of 14055?
5
What is the tens digit of 1922?
2
What is the tens digit of 28540?
4
What is the tens digit of 41176?
7
What is the hundreds digit of 4013?
0
What is the units digit of 411?
1
What is the hundreds digit of 458?
4
What is the hundreds digit of 178?
1
What is the units digit of 239?
9
What is the ten thousands digit of 18524?
1
What is the tens digit of 11135?
3
What is the units digit of 231?
1
What is the hundreds digit of 25431?
4
What is the ten thousands digit of 47226?
4
What is the tens digit of 19780?
8
What is the hundreds digit of 15516?
5
What is the tens digit of 123563?
6
What is the units digit of 2935?
5
What is the tens digit of 928?
2
What is the tens digit of 22817?
1
What is the tens digit of 2